greatest common divisor of 3070 and 6?
2
What is the greatest common divisor of 6657 and 147?
21
Calculate the highest common divisor of 6137 and 10336.
323
Calculate the highest common divisor of 103041 and 135.
9
Calculate the greatest common factor of 212962 and 5126.
466
Calculate the greatest common factor of 47092 and 6588.
244
Calculate the highest common divisor of 126026 and 366.
122
What is the highest common factor of 404 and 160?
4
What is the greatest common factor of 7200 and 10560?
480
What is the greatest common factor of 2025 and 71725?
25
Calculate the greatest common factor of 14 and 621838.
14
What is the greatest common divisor of 208 and 806?
26
What is the greatest common factor of 32 and 1436?
4
What is the highest common divisor of 221523 and 1804?
41
What is the highest common divisor of 17 and 731?
17
What is the highest common divisor of 510246 and 33?
33
What is the greatest common factor of 1983 and 21?
3
Calculate the highest common divisor of 1945816 and 8.
8
Calculate the greatest common factor of 869 and 1617.
11
What is the highest common divisor of 241387 and 1393?
199
What is the greatest common factor of 11664 and 396?
36
Calculate the highest common factor of 69812 and 1736.
124
Calculate the highest common divisor of 1467 and 21027.
489
Calculate the greatest common factor of 53586 and 585.
117
Calculate the highest common divisor of 370 and 290635.
185
What is the highest common divisor of 3483 and 30429?
27
What is the highest common divisor of 4845 and 399?
57
Calculate the highest common divisor of 2067 and 2496.
39
Calculate the greatest common divisor of 4141 and 10291.
41
Calculate the highest common divisor of 823950 and 450.
450
Calculate the highest common divisor of 338806 and 1909.
83
What is the highest common factor of 23 and 155802?
23
What is the greatest common factor of 120117 and 3?
3
What is the highest common divisor of 20832 and 147?
21
What is the highest common divisor of 11655 and 805?
35
What is the highest common factor of 126 and 612?
18
Calculate the greatest common factor of 1020 and 164764.
68
What is the greatest common divisor of 30 and 20530?
10
Calculate the highest common factor of 10978 and 66.
22
Calculate the highest common divisor of 110 and 335360.
10
Calculate the greatest common divisor of 2444 and 8632.
52
What is the greatest common factor of 751257 and 189?
9
Calculate the highest common divisor of 104 and 11908.
52
Calculate the highest common factor of 12456 and 522.
18
What is the highest common divisor of 21889 and 79023?
371
Calculate the greatest common divisor of 345691 and 518.
37
What is the greatest common factor of 288 and 342?
18
What is the highest common divisor of 57 and 29184?
57
What is the highest common divisor of 120 and 240400?
40
What is the greatest common factor of 373 and 2402866?
373
Calculate the greatest common factor of 3383394 and 56.
14
What is the greatest common divisor of 20728 and 40?
8
What is the greatest common divisor of 69408 and 864?
288
What is the highest common factor of 1557843 and 651?
651
Calculate the highest common factor of 2784 and 262305.
87
Calculate the greatest common divisor of 12566 and 55754.
122
What is the highest common divisor of 238125 and 17145?
1905
What is the greatest common factor of 6 and 1248825?
3
Calculate the highest common divisor of 211069 and 332.
83
What is the greatest common divisor of 1475 and 7906?
59
Calculate the greatest common divisor of 85 and 181390.
85
What is the highest common divisor of 62473 and 1?
1
Calculate the highest common factor of 1022870 and 3495.
1165
Calculate the greatest common factor of 4859 and 4633.
113
What is the greatest common factor of 380986 and 5680?
142
What is the highest common divisor of 37622 and 650?
26
What is the greatest common factor of 2652 and 598?
26
What is the highest common divisor of 25980 and 1160007?
1299
What is the highest common divisor of 238 and 22678?
34
What is the highest common factor of 104954 and 4850?
194
What is the highest common divisor of 14759 and 3?
1
What is the highest common factor of 76727 and 791?
791
Calculate the greatest common divisor of 927 and 5871.
309
Calculate the highest common divisor of 658 and 152327.
329
Calculate the greatest common factor of 84 and 89772.
12
What is the highest common factor of 3075846 and 6?
6
What is the highest common factor of 344 and 123754?
86
Calculate the greatest common factor of 119 and 49861.
119
What is the greatest common divisor of 3929800 and 14?
14
What is the greatest common factor of 29042 and 8658?
26
Calculate the greatest common factor of 30 and 98814.
6
What is the greatest common divisor of 1218 and 3215694?
174
Calculate the highest common factor of 2173201 and 437.
437
Calculate the greatest common factor of 3460200 and 24.
24
Calculate the highest common divisor of 309837 and 246.
123
Calculate the highest common divisor of 442 and 1417.
13
What is the greatest common factor of 675 and 1944?
27
Calculate the greatest common divisor of 26912 and 36163.
841
Calculate the highest common factor of 1019 and 131.
1
Calculate the highest common divisor of 687819 and 627.
627
Calculate the greatest common factor of 223 and 127779.
223
Calculate the greatest common factor of 577302 and 33.
33
Calculate the highest common factor of 29148 and 24.
12
What is the greatest common factor of 133989 and 392883?
2271
What is the highest common divisor of 13764 and 279?
93
Calculate the highest common factor of 1205 and 11786105.
1205
What is the highest common factor of 189342 and 157?
157
Calculate the greatest common divisor of 514 and 17775662.
514
Calculate the highest common divisor of 69649 and 1205.
241
Calculate the greatest common factor of 39 and 767559.
39
Calculate the highest common divisor of 105 and 60540.
15
What is the greatest common factor of 5656 and 909?
101
Calculate the greatest common factor of 390 and 125346.
78
What is the greatest common divisor of 1225 and 95025?
175
What is the highest common divisor of 171207 and 297?
27
Calculate the greatest common factor of 1073705 and 45.
5
What is the highest common factor of 3965053 and 19?
19
Calculate the highest common divisor of 37 and 65083.
37
What is the greatest common factor of 80029 and 8022?
191
What is the highest common divisor of 1040 and 1860?
20
What is the greatest common factor of 2405 and 2340?
65
What is the highest common divisor of 266584 and 47?
47
What is the greatest common factor of 83204 and 2013?
671
What is the greatest common divisor of 1564934 and 14?
14
What is the greatest common divisor of 3450 and 27165?
15
What is the highest common factor of 930 and 63860?
310
What is the greatest common factor of 321 and 3016116?
321
Calculate the highest common divisor of 230146 and 98.
14
What is the highest common factor of 52 and 97032?
52
What is the greatest common factor of 49650 and 120?
30
Calculate the highest common factor of 86 and 326198.
86
What is the greatest common divisor of 290 and 40745?
145
What is the greatest common divisor of 3145 and 20535?
185
Calculate the highest common divisor of 602 and 118938.
86
What is the greatest common factor of 30933 and 1491?
21
What is the greatest common factor of 11049 and 87?
87
Calculate the highest common factor of 989 and 1127.
23
What is the greatest common divisor of 1344 and 231?
21
Calculate the greatest common divisor of 4 and 933.
1
What is the greatest common divisor of 2268 and 30142?
14
What is the highest common factor of 48 and 1551344?
16
Calculate the greatest common divisor of 22 and 527098.
22
What is the greatest common divisor of 4050396 and 56?
28
Calculate the greatest common divisor of 514 and 5763482.
514
What is the greatest common factor of 7908 and 564?
12
Calculate the greatest common divisor of 12 and 98772.
12
What is the highest common divisor of 3213 and 160191?
459
Calculate the highest common factor of 32 and 8600.
8
Calculate the greatest common factor of 47762 and 598.
26
Calculate the highest common divisor of 91 and 17780.
7
Calculate the greatest common divisor of 25 and 34880.
5
Calculate the highest common divisor of 13890 and 30.
30
Calculate the highest common factor of 